8625899 + -5462326. Is z composite?
True
Suppose 152 = -9*v + 179. Let h be (-22)/(-6) + (-12)/18. Is (12/h)/(-12) + 1510/v a composite number?
False
Suppose 5*h - 9*x - 5008810 = -10*x, x = -4*h + 4007049. Is h composite?
True
Let p(u) = -5*u - 9*u - 7*u - 8*u - 6 + 27*u + 6*u**2. Suppose z = 5*c + 5 + 1, 4*z + 18 = -c. Is p(c) a prime number?
False
Let p(c) = 3820*c**2 - 3*c - 7. Let h be p(-5). Suppose 30*a = -10218 + h. Is a composite?
False
Let y be 3 - (-7437 - (-5 - -9)). Suppose 15*m = 11*m + y. Is m prime?
True
Let b(k) = -6844*k + 16. Let n be b(-4). Suppose 2 = 2*q, 5*c + 5*q - 87512 + n = 0. Is c a composite number?
True
Suppose 0 = 40*f + 34*f + 70*f - 633168. Is f a prime number?
True
Suppose -130*z = -131*z + 2*x + 205019, 2*x = -z + 204995. Is z a prime number?
False
Let y(m) = -m**2 + 19*m - 8. Let q be y(17). Suppose -3*l - 2*l = -20, 0 = -2*b - 3*l + q. Suppose s = 1, -3*p + b*p + 3*s = 2087. Is p a composite number?
False
Let v = -8897 + 4643. Let g = v - -13609. Is g a prime number?
False
Let z(y) = 975*y + 40. Let w be z(24). Suppose r - 8*u = -10*u + 5865, w = 4*r + 3*u. Is r a prime number?
True
Is (-84)/(-60) + 398232/45 a prime number?
False
Is (-5 - 186/(-1))*(43 + -2) prime?
False
Suppose -5*q + 102 = 3*k, -7*q = 3*k - 12*q - 102. Suppose 13*o = k*o - 258699. Is o a composite number?
True
Let b(n) = -12*n - 5. Suppose 0 = -4*g + 2*d, 0 = -3*g - 3*d - d + 11. Let j be (-4)/30*69 - g/(-5). Is b(j) prime?
True
Let d = 70630 + 9235. Is d composite?
True
Let m(p) = 8958*p**2 - 59*p - 225. Is m(-4) composite?
True
Suppose -8*h + 1075680 + 259322 = -6*h. Is h a prime number?
True
Suppose 2*h = -5*h + 14. Let o(y) = 4*y**3 - 64*y**2 + 4*y + 35. Let z(w) = -w**3 + 16*w**2 - w - 9. Let g(t) = h*o(t) + 9*z(t). Is g(8) prime?
False
Suppose -10 = 5*f - 5*r, 26 = -f - 3*r + 40. Is (-56896)/(-5) - (-7)/(-35) - f composite?
True
Let k be ((-10)/(-3))/((-20)/(-22170)). Let y = 293 - 293. Suppose y = 2*d + 3*d - k. Is d a prime number?
True
Let f(c) = -c**3 + 13*c**2 + 4*c + 13. Let v be f(16). Let r = v + 2418. Is r a composite number?
True
Suppose 1196494 + 257653 = 41*p. Is p prime?
False
Let r = 6199 + -4184. Suppose -3*w + 20749 = 5*u, -3*u + 4*w + 10446 = -r. Is u composite?
True
Let c(g) = -109*g**3 - 23*g**2 - 155*g - 50. Is c(-11) prime?
False
Is 14 - (12 - 412372) - (6/2 - 8) prime?
False
Let n = 752 + 1976. Let g = n + -1217. Is g prime?
True
Suppose 4*q = 3*c + 23, 5*c + 4*q + 3 = 18. Let w(o) = -2101*o**3 - o**2 - o + 1. Is w(c) prime?
False
Suppose 16*i = 9*i - 38745. Let a = i - -15629. Let o = a - 5689. Is o prime?
False
Suppose 7*x - 130*x = -3541174 - 11000255. Is x a composite number?
True
Is 3/72*-8*-213339 a composite number?
True
Let u be (-35)/(-15) + -1 + 8/3. Let r be 1 - -1253 - (-2 - -3). Suppose -u*h + 3*c = -r, 3*c - 4*c = -1. Is h a composite number?
True
Let v(i) = -43*i + 139 - 85*i - 57*i. Is v(-6) a composite number?
False
Let s(m) = 2296*m + 1614*m + 40 - 592*m + 4137*m. Is s(3) a composite number?
True
Suppose 18*c - 19*c + 41500 = 0. Is c/120 + (2/12 - 0) composite?
True
Let w(k) = 24*k**3 - 11*k**2 + 30*k - 41. Is w(8) composite?
False
Let a(o) = -26*o**3 - 7*o**2 + 6*o + 7. Let d be a(-6). Suppose 6*q - 10043 = d. Is q prime?
False
Suppose -7 = -i - 114. Let q = 66 + i. Let v = q - -207. Is v prime?
False
Let t(b) be the third derivative of 2803*b**4/24 + 50*b**3/3 - 125*b**2. Is t(3) prime?
False
Suppose -11207 = -5*v - w - 0*w, 4*w = 5*v - 11222. Is v + (-10 - (-11 + 6)) composite?
False
Let q = 145 + -143. Suppose -5*n - 1394 - 1534 = -3*g, -5*n + 1927 = q*g. Is g composite?
False
Let j be -2*2/(-24) + (-121)/(-66). Let n be 5*(-1)/j*152. Let o = 287 - n. Is o a prime number?
False
Let a(o) = 2783*o - 1. Let r be a(1). Let j(k) = -k**3 + 31*k**2 - 44*k - 135. Let p be j(30). Let v = r - p. Is v a prime number?
False
Let u be 5*((-36)/6 - -5). Is (u + 6)/(2/762) a composite number?
True
Suppose 4*i = -4*w + 70440, -17614 = -92*w + 91*w - 5*i. Is w a prime number?
True
Let g = -27 + 38. Suppose g*d - 9*d + 936 = 0. Let z = 1367 + d. Is z a prime number?
False
Is ((-263444)/(-20))/(((-120)/(-900))/(4/6)) composite?
True
Suppose 2*w + 230 = 5*k, -k = -2*w - 2*w - 28. Let r = k + -45. Is ((-1348)/3)/((-2)/r) composite?
True
Let h = 763 - 760. Suppose -m + 1306 = -h*o, 5*m - 1914 = -3*o + 4670. Is m a composite number?
True
Let r(l) = l**2 + 4*l - 5. Let d be r(-5). Let y be (7 - 103/15) + (-489)/(-45). Suppose d = s + 4 - y. Is s composite?
False
Let f be (-3 - -1)*14/4. Let u(w) be the third derivative of -173*w**4/12 + 5*w**3/2 + 17*w**2. Is u(f) composite?
False
Let c(a) = 80801*a**3 - 4*a**2 + 4*a - 1. Let v be c(1). Let s = v + -48047. Is s a composite number?
True
Suppose -2*m = -2*o + 1021 - 2741, -3*m = 5*o - 2548. Let w = m + 3242. Suppose t - 3*t + 4086 = 4*d, w = 2*t + d. Is t prime?
False
Is (-388023)/(-5)*(50/30)/1 a composite number?
False
Suppose 0 = -b, 4*b = 4*p - 6 - 14. Suppose -3*l + 20410 = -p*z + 6*z, 27217 = 4*l + 5*z. Is l a composite number?
False
Suppose t = -3*k + 21, -15 = -4*k - 4*t + 13. Let l = k - 5. Suppose 0 = 3*x - 4*s + 112 - 679, -l*x = 5*s - 355. Is x a composite number?
True
Let p be 2/((-30)/(-36) + -1). Is (873/(-15))/(p/740) composite?
True
Suppose 4*p - 20 = -v + p, -2*v + 35 = 5*p. Suppose -v = -14*z + 9*z. Is (-4484)/(-16) - 6 - z/4 a composite number?
True
Suppose 7*v = -228799 + 827886 + 2253210. Is v a composite number?
False
Let i(s) = 29*s**3 - 11*s**2 - 88*s + 1849. Is i(17) a composite number?
True
Let i(f) = -6682*f + 703. Is i(-15) prime?
False
Suppose -2382 = -2*q - 4*f, -1753 - 3031 = -4*q + 2*f. Is q composite?
True
Suppose 239*x - 916096 = -33*x + 3689136. Is x composite?
False
Let m = -52278 - -94945. Is m a prime number?
True
Suppose -3*n - 4263 = -17481. Is n a prime number?
False
Let n be (-2)/16 - (34470/(-48) - 8). Let v = n - 355. Is v a prime number?
False
Suppose -2*h = -13 + 5. Suppose 1100 = h*x + 7*x. Suppose l - 74 = 4*z + 21, -x = -l + 3*z. Is l prime?
False
Let v(n) = -2610*n**3 + n**2 + n - 1. Let x = -262 - -261. Is v(x) composite?
False
Let k be (-14)/(-35)*(-80)/12*3. Let z(t) = -204*t + 122. Is z(k) a prime number?
False
Let n(u) = -15*u - 9*u + 4*u**2 - u**2 - 8. Suppose -11*q + 10*q = -17. Is n(q) a prime number?
False
Is 4088738/26 - (13 + (-2839)/221) a prime number?
True
Suppose -1550018 - 3666106 = -17*b + 5*b. Is b prime?
False
Suppose 116 - 106 = 5*o. Suppose -3*n = o*n - 9805. Is n a prime number?
False
Suppose -2*s + 39425 - 11117 = y, 28318 = 2*s - 4*y. Suppose -s - 430 = -t. Is t prime?
False
Let i(x) = 3*x + 24. Let j be i(-8). Suppose f + 18 = 15*y - 10*y, j = -4*y + 5*f + 27. Suppose 5*z = y*p - 1935 - 950, -4*p = -z - 3824. Is p a prime number?
False
Let f be 65*1076/2 + 1. Suppose 0 = -p + 5*w + f, -4*p + 72508 = -3*w - 67342. Is p a prime number?
True
Let v = -28 + 32. Let u(s) = 9*s - 33. Let q be u(v). Is 28/42 - (-2017)/q prime?
True
Suppose -12*x + 653360 - 216692 = 0. Is x prime?
True
Let c(b) be the first derivative of 20*b**3 - 7*b**2 - 9*b + 73. Is c(-14) prime?
False
Let n be (-200)/30*(-6)/8. Suppose 563 = 6*u - n*u. Is u a composite number?
False
Let s = 512242 + -330927. Is s a prime number?
False
Suppose 26 = -4*g + 122. Let x be (10295/(-20))/((-2)/g). Let p = 9098 - x. Is p a composite number?
True
Let g = -76 + 73. Let f be (-8)/(0 - g/(-156)). Let d = 157 + f. Is d a composite number?
True
Is 9746824/732*(-6)/(-4) prime?
True
Let g(c) = 4*c**2 - 14. Let f be g(-4). Let n = 55 - f. Suppose -5*j - 3*v + 6729 = 0, -3*j + 1357 = -2*j - n*v. Is j composite?
True
Let j(q) = q**2 + 31*q + 90. Let t be j(-28). Is (7 - t)*(2 + -2019)/(-1) composite?
False
Let l(u) = 3*u**2 + 4*u - 70. Let g be l(20). Let y = g + 1123. Is y a prime number?
True
Let s(q) = -q**3 + 8*q**2 + 8*q + 6. Let d be s(9). Let h be (-1)/(d/4917) + (-3 - 0). Suppose -2*g + 6*g - h = 0. Is g a prime number?
True
Let s be 2*-1 + (-146)/(-73). Suppose 2*y - 20223 = -5*m, s = -m - 5 + 6. Is y a prime number?
False
Is (-26)/((-4732)/148009470) + (148/(-52) - -3) prime?
False
Let z = -41351 - -74314. Let b = -18696 + z. Is b composite?
True
Let h = 456 - -7205. Is h composite?
True
Let i = -7961 + 26820. Is i prime?
True
Let 